{"id":2794,"date":"2019-04-19T20:13:43","date_gmt":"2019-04-19T20:13:43","guid":{"rendered":"https:\/\/casadacritica.com.br\/site\/?page_id=2794"},"modified":"2019-10-29T16:22:08","modified_gmt":"2019-10-29T16:22:08","slug":"inscricao-para-assistir-ao-replay-da-1a-aula-do-curso-de-historia-da-musica-erudita-ocidental-erudita","status":"publish","type":"page","link":"https:\/\/casadacritica.com.br\/site\/inscricao-para-assistir-ao-replay-da-1a-aula-do-curso-de-historia-da-musica-erudita-ocidental-erudita\/","title":{"rendered":"Inscri\u00e7\u00e3o para assistir ao replay da 1a aula do Curso de Hist\u00f3ria da M\u00fasica Erudita Ocidental"},"content":{"rendered":"<p>&nbsp;<\/p>\n<p><img fetchpriority=\"high\" decoding=\"async\" class=\"size-full wp-image-2395 aligncenter\" src=\"https:\/\/casadacritica.com.br\/site\/wp-content\/uploads\/2019\/03\/foto-padrao.jpg\" alt=\"\" width=\"600\" height=\"600\" srcset=\"https:\/\/casadacritica.com.br\/site\/wp-content\/uploads\/2019\/03\/foto-padrao.jpg 600w, https:\/\/casadacritica.com.br\/site\/wp-content\/uploads\/2019\/03\/foto-padrao-150x150.jpg 150w, https:\/\/casadacritica.com.br\/site\/wp-content\/uploads\/2019\/03\/foto-padrao-300x300.jpg 300w\" sizes=\"(max-width: 600px) 100vw, 600px\" \/><\/p>\n<p>Assista ao\u00a0replay da 1a aula do Curso de Hist\u00f3ria da M\u00fasica Erudita Ocidental.<\/p>\n\n<div class=\"wpcf7 no-js\" id=\"wpcf7-f2803-o1\" lang=\"pt-BR\" dir=\"ltr\" data-wpcf7-id=\"2803\">\n<div class=\"screen-reader-response\"><p role=\"status\" aria-live=\"polite\" aria-atomic=\"true\"><\/p> <ul><\/ul><\/div>\n<form action=\"\/site\/wp-json\/wp\/v2\/pages\/2794#wpcf7-f2803-o1\" method=\"post\" class=\"wpcf7-form init\" aria-label=\"Formul\u00e1rios de contato\" novalidate=\"novalidate\" data-status=\"init\">\n<fieldset class=\"hidden-fields-container\"><input type=\"hidden\" name=\"_wpcf7\" value=\"2803\" \/><input type=\"hidden\" name=\"_wpcf7_version\" value=\"6.1.3\" \/><input type=\"hidden\" name=\"_wpcf7_locale\" value=\"pt_BR\" \/><input type=\"hidden\" name=\"_wpcf7_unit_tag\" value=\"wpcf7-f2803-o1\" \/><input type=\"hidden\" name=\"_wpcf7_container_post\" value=\"0\" \/><input type=\"hidden\" name=\"_wpcf7_posted_data_hash\" value=\"\" \/>\n<\/fieldset>\n<p><label> Nome:<br \/>\n<span class=\"wpcf7-form-control-wrap\" data-name=\"your-name\"><input size=\"40\" maxlength=\"400\" class=\"wpcf7-form-control wpcf7-text wpcf7-validates-as-required\" aria-required=\"true\" aria-invalid=\"false\" value=\"\" type=\"text\" name=\"your-name\" \/><\/span> <\/label>\n<\/p>\n<p><label> E-mail:<br \/>\n<span class=\"wpcf7-form-control-wrap\" data-name=\"your-email\"><input size=\"40\" maxlength=\"400\" class=\"wpcf7-form-control wpcf7-email wpcf7-validates-as-required wpcf7-text wpcf7-validates-as-email\" aria-required=\"true\" aria-invalid=\"false\" value=\"\" type=\"email\" name=\"your-email\" \/><\/span> <\/label>\n<\/p>\n<p><span class=\"wpcf7-form-control-wrap\" data-name=\"acceptance-786\"><span class=\"wpcf7-form-control wpcf7-acceptance\"><span class=\"wpcf7-list-item\"><label><input type=\"checkbox\" name=\"acceptance-786\" value=\"1\" aria-invalid=\"false\" \/><span class=\"wpcf7-list-item-label\">Autorizo a Casa da Cr\u00edtica enviar e-mail\u00b4s, newsletters e informa\u00e7\u00f5es sobre cursos e palestras para meu e-mail.<\/span><\/label><\/span><\/span><\/span>\n<\/p>\n<p><input class=\"wpcf7-form-control wpcf7-submit has-spinner\" type=\"submit\" value=\"Assista ao replay da 1a aula do Curso de Hist\u00f3ria da M\u00fasica Erudita Ocidental\" \/>\n<\/p><p style=\"display: none !important;\" class=\"akismet-fields-container\" data-prefix=\"_wpcf7_ak_\"><label>&#916;<textarea name=\"_wpcf7_ak_hp_textarea\" cols=\"45\" rows=\"8\" maxlength=\"100\"><\/textarea><\/label><input type=\"hidden\" id=\"ak_js_1\" name=\"_wpcf7_ak_js\" value=\"144\"\/><script>document.getElementById( \"ak_js_1\" ).setAttribute( \"value\", ( new Date() ).getTime() );<\/script><\/p><div class=\"wpcf7-response-output\" aria-hidden=\"true\"><\/div>\n<\/form>\n<\/div>\n\n<p>&nbsp;<\/p>\n<p>&nbsp;<\/p>\n","protected":false},"excerpt":{"rendered":"<p>&nbsp; Assista ao\u00a0replay da 1a aula do Curso de Hist\u00f3ria da M\u00fasica Erudita Ocidental. &nbsp; &nbsp;<\/p>\n","protected":false},"author":1,"featured_media":0,"parent":0,"menu_order":0,"comment_status":"open","ping_status":"closed","template":"","meta":{"footnotes":""},"class_list":["post-2794","page","type-page","status-publish","hentry"],"_links":{"self":[{"href":"https:\/\/casadacritica.com.br\/site\/wp-json\/wp\/v2\/pages\/2794","targetHints":{"allow":["GET"]}}],"collection":[{"href":"https:\/\/casadacritica.com.br\/site\/wp-json\/wp\/v2\/pages"}],"about":[{"href":"https:\/\/casadacritica.com.br\/site\/wp-json\/wp\/v2\/types\/page"}],"author":[{"embeddable":true,"href":"https:\/\/casadacritica.com.br\/site\/wp-json\/wp\/v2\/users\/1"}],"replies":[{"embeddable":true,"href":"https:\/\/casadacritica.com.br\/site\/wp-json\/wp\/v2\/comments?post=2794"}],"version-history":[{"count":5,"href":"https:\/\/casadacritica.com.br\/site\/wp-json\/wp\/v2\/pages\/2794\/revisions"}],"predecessor-version":[{"id":5291,"href":"https:\/\/casadacritica.com.br\/site\/wp-json\/wp\/v2\/pages\/2794\/revisions\/5291"}],"wp:attachment":[{"href":"https:\/\/casadacritica.com.br\/site\/wp-json\/wp\/v2\/media?parent=2794"}],"curies":[{"name":"wp","href":"https:\/\/api.w.org\/{rel}","templated":true}]}}