{"id":10312,"date":"2020-03-21T13:23:40","date_gmt":"2020-03-21T16:23:40","guid":{"rendered":"https:\/\/casadacritica.com.br\/site\/?page_id=10312"},"modified":"2022-03-08T17:30:28","modified_gmt":"2022-03-08T20:30:28","slug":"sublimacao-em-tempos-de-quarentena","status":"publish","type":"page","link":"https:\/\/casadacritica.com.br\/site\/sublimacao-em-tempos-de-quarentena\/","title":{"rendered":"Sublima\u00e7\u00e3o em Tempos de Quarentena"},"content":{"rendered":"\t\t<div data-elementor-type=\"wp-page\" data-elementor-id=\"10312\" class=\"elementor elementor-10312\" data-elementor-post-type=\"page\">\n\t\t\t\t\t\t<section class=\"elementor-section elementor-top-section elementor-element elementor-element-5f8f027 elementor-section-boxed elementor-section-height-default elementor-section-height-default\" data-id=\"5f8f027\" data-element_type=\"section\">\n\t\t\t\t\t\t<div class=\"elementor-container elementor-column-gap-default\">\n\t\t\t\t\t<div class=\"elementor-column elementor-col-100 elementor-top-column elementor-element elementor-element-3240b97\" data-id=\"3240b97\" data-element_type=\"column\">\n\t\t\t<div class=\"elementor-widget-wrap elementor-element-populated\">\n\t\t\t\t\t\t<div class=\"elementor-element elementor-element-1573faf elementor-widget elementor-widget-image\" data-id=\"1573faf\" data-element_type=\"widget\" data-widget_type=\"image.default\">\n\t\t\t\t<div class=\"elementor-widget-container\">\n\t\t\t\t\t\t\t\t\t\t\t\t\t\t\t<img fetchpriority=\"high\" decoding=\"async\" width=\"1536\" height=\"864\" src=\"https:\/\/casadacritica.com.br\/site\/wp-content\/uploads\/2020\/03\/arte-masterclass-sublima\u00e7\u00e3o-HORARIO-retangular-1536x864.jpg\" class=\"attachment-1536x1536 size-1536x1536 wp-image-10766\" alt=\"\" srcset=\"https:\/\/casadacritica.com.br\/site\/wp-content\/uploads\/2020\/03\/arte-masterclass-sublima\u00e7\u00e3o-HORARIO-retangular-1536x864.jpg 1536w, https:\/\/casadacritica.com.br\/site\/wp-content\/uploads\/2020\/03\/arte-masterclass-sublima\u00e7\u00e3o-HORARIO-retangular-300x169.jpg 300w, https:\/\/casadacritica.com.br\/site\/wp-content\/uploads\/2020\/03\/arte-masterclass-sublima\u00e7\u00e3o-HORARIO-retangular-1024x576.jpg 1024w, https:\/\/casadacritica.com.br\/site\/wp-content\/uploads\/2020\/03\/arte-masterclass-sublima\u00e7\u00e3o-HORARIO-retangular-768x432.jpg 768w, https:\/\/casadacritica.com.br\/site\/wp-content\/uploads\/2020\/03\/arte-masterclass-sublima\u00e7\u00e3o-HORARIO-retangular.jpg 1920w\" sizes=\"(max-width: 1536px) 100vw, 1536px\" \/>\t\t\t\t\t\t\t\t\t\t\t\t\t\t\t<\/div>\n\t\t\t\t<\/div>\n\t\t\t\t\t<\/div>\n\t\t<\/div>\n\t\t\t\t\t<\/div>\n\t\t<\/section>\n\t\t\t\t<section class=\"elementor-section elementor-top-section elementor-element elementor-element-a2880bc elementor-section-boxed elementor-section-height-default elementor-section-height-default\" data-id=\"a2880bc\" data-element_type=\"section\">\n\t\t\t\t\t\t<div class=\"elementor-container elementor-column-gap-default\">\n\t\t\t\t\t<div class=\"elementor-column elementor-col-100 elementor-top-column elementor-element elementor-element-9f80cee\" data-id=\"9f80cee\" data-element_type=\"column\">\n\t\t\t<div class=\"elementor-widget-wrap elementor-element-populated\">\n\t\t\t\t\t\t<div class=\"elementor-element elementor-element-01b0447 elementor-widget elementor-widget-text-editor\" data-id=\"01b0447\" data-element_type=\"widget\" data-widget_type=\"text-editor.default\">\n\t\t\t\t<div class=\"elementor-widget-container\">\n\t\t\t\t\t\t\t\t\t<h3 style=\"text-align: center;\"><span style=\"color: #ff0000;\"><strong>Conte\u00fado Imediato mais Evento ONLINE e Participativo pelo Dr. Igor Capelatto<\/strong><\/span><\/h3>\t\t\t\t\t\t\t\t<\/div>\n\t\t\t\t<\/div>\n\t\t\t\t\t<\/div>\n\t\t<\/div>\n\t\t\t\t\t<\/div>\n\t\t<\/section>\n\t\t\t\t<section class=\"elementor-section elementor-top-section elementor-element elementor-element-49c199a elementor-section-boxed elementor-section-height-default elementor-section-height-default\" data-id=\"49c199a\" data-element_type=\"section\">\n\t\t\t\t\t\t<div class=\"elementor-container elementor-column-gap-default\">\n\t\t\t\t\t<div class=\"elementor-column elementor-col-100 elementor-top-column elementor-element elementor-element-4382361\" data-id=\"4382361\" data-element_type=\"column\">\n\t\t\t<div class=\"elementor-widget-wrap elementor-element-populated\">\n\t\t\t\t\t\t<div class=\"elementor-element elementor-element-ef99ddc elementor-widget elementor-widget-text-editor\" data-id=\"ef99ddc\" data-element_type=\"widget\" data-widget_type=\"text-editor.default\">\n\t\t\t\t<div class=\"elementor-widget-container\">\n\t\t\t\t\t\t\t\t\t<h4><strong><span style=\"color: #000000;\">Temas abordados no evento: &#8211;\u00a0<\/span><\/strong><\/h4><h4>&#8211; Por qu\u00ea a quarentena causa depress\u00e3o e ang\u00fastia?<\/h4><h4>&#8211; Como a sublima\u00e7\u00e3o confronta os sintomas ps\u00edquicos &#8211; como a arte nos ensina a lidar com situa\u00e7\u00f5es que nos colocam em confinamento, que nos causam medo, ang\u00fastia, depress\u00e3o e geram d\u00favidas?<\/h4><h4>&#8211; Como os artistas, por meio da arte, sublimaram e lidaram com pandemias como por exemplo, a peste na idade m\u00e9dia, ou lidaram com situa\u00e7\u00f5es de medo e confinamento como as guerras, como por exemplo, os artistas dada, existencialistas e surrealistas lidaram com a Segunda Guerra Mundial e outras guerras, como a Guerra Civil Espanhola?<\/h4><h4>&#8211; A rela\u00e7\u00e3o entre um problema cr\u00edtico socio-psicol\u00f3gico (doen\u00e7as, guerras etc) e a criatividade: um breve estudo com base na obra Guernica (1937) de Pablo Picasso.<\/h4>\t\t\t\t\t\t\t\t<\/div>\n\t\t\t\t<\/div>\n\t\t\t\t\t<\/div>\n\t\t<\/div>\n\t\t\t\t\t<\/div>\n\t\t<\/section>\n\t\t\t\t<section class=\"elementor-section elementor-top-section elementor-element elementor-element-7aaa744 elementor-section-boxed elementor-section-height-default elementor-section-height-default\" data-id=\"7aaa744\" data-element_type=\"section\">\n\t\t\t\t\t\t<div class=\"elementor-container elementor-column-gap-default\">\n\t\t\t\t\t<div class=\"elementor-column elementor-col-100 elementor-top-column elementor-element elementor-element-318ef32\" data-id=\"318ef32\" data-element_type=\"column\">\n\t\t\t<div class=\"elementor-widget-wrap elementor-element-populated\">\n\t\t\t\t\t\t<div class=\"elementor-element elementor-element-2f99f8c elementor-widget elementor-widget-text-editor\" data-id=\"2f99f8c\" data-element_type=\"widget\" data-widget_type=\"text-editor.default\">\n\t\t\t\t<div class=\"elementor-widget-container\">\n\t\t\t\t\t\t\t\t\t<h4><strong><span style=\"color: #000000;\">&#8211; Seguido ao recebimento da confirma\u00e7\u00e3o do pagamento, voc\u00ea recebe acesso \u00e0 plataforma EAD da Casa da Cr\u00edtica municiada com a <span style=\"color: #ff0000;\">aula gravada especificamente para esta Masterclass,<\/span> acesso que ficar\u00e1 vigente por 30 (trinta) dias;<\/span><\/strong><\/h4><p><strong><span style=\"font-size: 1.25em; color: #000000;\">&#8211; No dia <span style=\"color: #ff0000;\">07 de Abril<\/span>, \u00e0s 20:30 horas, haver\u00e1 live ao vivo, online e partipativa com todos, ocasi\u00e3o pr\u00f3pria para perguntas e coment\u00e1rios de todos. Se o tempo n\u00e3o permitir o atendimento de todas as quest\u00f5es, elas ser\u00e3o encaminhadas a um f\u00f3rum com resposta do professor em seguida.<\/span><\/strong><\/p><h4><strong><span style=\"color: #000000;\">&#8211; No dia 08 de abril, tamb\u00e9m o Replay da Live ficar\u00e1 dispon\u00edvel na Plataforma EAD.<\/span><\/strong><\/h4>\t\t\t\t\t\t\t\t<\/div>\n\t\t\t\t<\/div>\n\t\t\t\t\t<\/div>\n\t\t<\/div>\n\t\t\t\t\t<\/div>\n\t\t<\/section>\n\t\t\t\t<section class=\"elementor-section elementor-top-section elementor-element elementor-element-956a2bb elementor-section-boxed elementor-section-height-default elementor-section-height-default\" data-id=\"956a2bb\" data-element_type=\"section\">\n\t\t\t\t\t\t<div class=\"elementor-container elementor-column-gap-default\">\n\t\t\t\t\t<div class=\"elementor-column elementor-col-50 elementor-top-column elementor-element elementor-element-3cd4d9d\" data-id=\"3cd4d9d\" data-element_type=\"column\">\n\t\t\t<div class=\"elementor-widget-wrap elementor-element-populated\">\n\t\t\t\t\t\t<div class=\"elementor-element elementor-element-2b5b14e elementor-widget elementor-widget-image\" data-id=\"2b5b14e\" data-element_type=\"widget\" data-widget_type=\"image.default\">\n\t\t\t\t<div class=\"elementor-widget-container\">\n\t\t\t\t\t\t\t\t\t\t\t\t\t\t\t<img decoding=\"async\" width=\"249\" height=\"300\" src=\"https:\/\/casadacritica.com.br\/site\/wp-content\/uploads\/2020\/03\/4934a3bb-9b91-4127-bf80-7e3cae2221d4-249x300.png\" class=\"attachment-medium size-medium wp-image-10293\" alt=\"\" srcset=\"https:\/\/casadacritica.com.br\/site\/wp-content\/uploads\/2020\/03\/4934a3bb-9b91-4127-bf80-7e3cae2221d4-249x300.png 249w, https:\/\/casadacritica.com.br\/site\/wp-content\/uploads\/2020\/03\/4934a3bb-9b91-4127-bf80-7e3cae2221d4-850x1024.png 850w, https:\/\/casadacritica.com.br\/site\/wp-content\/uploads\/2020\/03\/4934a3bb-9b91-4127-bf80-7e3cae2221d4-768x925.png 768w, https:\/\/casadacritica.com.br\/site\/wp-content\/uploads\/2020\/03\/4934a3bb-9b91-4127-bf80-7e3cae2221d4.png 969w\" sizes=\"(max-width: 249px) 100vw, 249px\" \/>\t\t\t\t\t\t\t\t\t\t\t\t\t\t\t<\/div>\n\t\t\t\t<\/div>\n\t\t\t\t\t<\/div>\n\t\t<\/div>\n\t\t\t\t<div class=\"elementor-column elementor-col-50 elementor-top-column elementor-element elementor-element-e8cc088\" data-id=\"e8cc088\" data-element_type=\"column\">\n\t\t\t<div class=\"elementor-widget-wrap elementor-element-populated\">\n\t\t\t\t\t\t<div class=\"elementor-element elementor-element-a2f0f69 elementor-widget elementor-widget-text-editor\" data-id=\"a2f0f69\" data-element_type=\"widget\" data-widget_type=\"text-editor.default\">\n\t\t\t\t<div class=\"elementor-widget-container\">\n\t\t\t\t\t\t\t\t\t<h4><span style=\"color: #000000;\">O Prof. Dr. Igor Capelatto \u00e9 artista, cineasta, professor de cinema, arte, filosofia e psican\u00e1lise. Mestre e doutor em Multimeios pela Unicamp. Ministra cursos e palestras e coordena pesquisas nas \u00e1reas da lingu\u00edstica, semi\u00f3ticas e psican\u00e1lise. Conhe\u00e7a mais sobre o Prof. Dr. Igor Capelatto. Curriculum Lattes: http:\/\/lattes.cnpq.br\/5480879021795878<\/span><\/h4>\t\t\t\t\t\t\t\t<\/div>\n\t\t\t\t<\/div>\n\t\t\t\t\t<\/div>\n\t\t<\/div>\n\t\t\t\t\t<\/div>\n\t\t<\/section>\n\t\t\t\t<section class=\"elementor-section elementor-top-section elementor-element elementor-element-d8495f2 elementor-section-boxed elementor-section-height-default elementor-section-height-default\" data-id=\"d8495f2\" data-element_type=\"section\">\n\t\t\t\t\t\t<div class=\"elementor-container elementor-column-gap-default\">\n\t\t\t\t\t<div class=\"elementor-column elementor-col-33 elementor-top-column elementor-element elementor-element-7ec4fc2\" data-id=\"7ec4fc2\" data-element_type=\"column\">\n\t\t\t<div class=\"elementor-widget-wrap elementor-element-populated\">\n\t\t\t\t\t\t<div class=\"elementor-element elementor-element-040b6ae elementor-widget elementor-widget-text-editor\" data-id=\"040b6ae\" data-element_type=\"widget\" data-widget_type=\"text-editor.default\">\n\t\t\t\t<div class=\"elementor-widget-container\">\n\t\t\t\t\t\t\t\t\t<h4 style=\"text-align: center;\"><strong><span style=\"color: #000000;\">O acesso \u00e0 aula \u00e9 logo ap\u00f3s a confirma\u00e7\u00e3o do pagamento e p<\/span><\/strong><strong><span style=\"color: #000000;\">ara a live de d\u00favidas e coment\u00e1rio, faltam apenas:<\/span><\/strong><\/h4>\t\t\t\t\t\t\t\t<\/div>\n\t\t\t\t<\/div>\n\t\t\t\t\t<\/div>\n\t\t<\/div>\n\t\t\t\t<div class=\"elementor-column elementor-col-33 elementor-top-column elementor-element elementor-element-04ee474\" data-id=\"04ee474\" data-element_type=\"column\">\n\t\t\t<div class=\"elementor-widget-wrap elementor-element-populated\">\n\t\t\t\t\t\t<div class=\"elementor-element elementor-element-faecb9d elementor-countdown--label-block elementor-widget elementor-widget-countdown\" data-id=\"faecb9d\" data-element_type=\"widget\" data-widget_type=\"countdown.default\">\n\t\t\t\t<div class=\"elementor-widget-container\">\n\t\t\t\t\t\t\t<div class=\"elementor-countdown-wrapper\" data-date=\"1586302200\">\n\t\t\t<div class=\"elementor-countdown-item\"><span class=\"elementor-countdown-digits elementor-countdown-days\"><\/span> <span class=\"elementor-countdown-label\">Dias<\/span><\/div><div class=\"elementor-countdown-item\"><span class=\"elementor-countdown-digits elementor-countdown-hours\"><\/span> <span class=\"elementor-countdown-label\">Horas<\/span><\/div><div class=\"elementor-countdown-item\"><span class=\"elementor-countdown-digits elementor-countdown-minutes\"><\/span> <span class=\"elementor-countdown-label\">Minutos<\/span><\/div>\t\t<\/div>\n\t\t\t\t\t\t<\/div>\n\t\t\t\t<\/div>\n\t\t\t\t\t<\/div>\n\t\t<\/div>\n\t\t\t\t<div class=\"elementor-column elementor-col-33 elementor-top-column elementor-element elementor-element-5bb4364\" data-id=\"5bb4364\" data-element_type=\"column\">\n\t\t\t<div class=\"elementor-widget-wrap elementor-element-populated\">\n\t\t\t\t\t\t<div class=\"elementor-element elementor-element-dd9bf5d elementor-widget elementor-widget-text-editor\" data-id=\"dd9bf5d\" data-element_type=\"widget\" data-widget_type=\"text-editor.default\">\n\t\t\t\t<div class=\"elementor-widget-container\">\n\t\t\t\t\t\t\t\t\t<h3>\u00a0<\/h3><h3 style=\"text-align: center;\"><strong><span style=\"color: #000000;\">VAGAS LIMITADAS!<\/span><\/strong><\/h3>\t\t\t\t\t\t\t\t<\/div>\n\t\t\t\t<\/div>\n\t\t\t\t\t<\/div>\n\t\t<\/div>\n\t\t\t\t\t<\/div>\n\t\t<\/section>\n\t\t\t\t<section class=\"elementor-section elementor-top-section elementor-element elementor-element-5f5a483 elementor-section-boxed elementor-section-height-default elementor-section-height-default\" data-id=\"5f5a483\" data-element_type=\"section\">\n\t\t\t\t\t\t<div class=\"elementor-container elementor-column-gap-default\">\n\t\t\t\t\t<div class=\"elementor-column elementor-col-33 elementor-top-column elementor-element elementor-element-5492008\" data-id=\"5492008\" data-element_type=\"column\">\n\t\t\t<div class=\"elementor-widget-wrap\">\n\t\t\t\t\t\t\t<\/div>\n\t\t<\/div>\n\t\t\t\t<div class=\"elementor-column elementor-col-33 elementor-top-column elementor-element elementor-element-f49c6df\" data-id=\"f49c6df\" data-element_type=\"column\">\n\t\t\t<div class=\"elementor-widget-wrap elementor-element-populated\">\n\t\t\t\t\t\t<div class=\"elementor-element elementor-element-4e8d282 elementor-widget elementor-widget-text-editor\" data-id=\"4e8d282\" data-element_type=\"widget\" data-widget_type=\"text-editor.default\">\n\t\t\t\t<div class=\"elementor-widget-container\">\n\t\t\t\t\t\t\t\t\t<p><a href=\"https:\/\/pag.ae\/7VT5ro_6a\" target=\"_blank\" rel=\"noopener\"><img decoding=\"async\" class=\"aligncenter wp-image-8986\" src=\"https:\/\/casadacritica.com.br\/site\/wp-content\/uploads\/2020\/03\/C\u00f3pia-de-CADASTRE-SEU-INTERESSE.png\" alt=\"\" width=\"500\" height=\"83\" \/><\/a><\/p><h4 style=\"text-align: center;\"><strong><span style=\"color: #000000;\">R$ 70,00 parcel\u00e1veis em at\u00e9 12X pelo PAGSEGURO<\/span><\/strong><\/h4>\t\t\t\t\t\t\t\t<\/div>\n\t\t\t\t<\/div>\n\t\t\t\t\t<\/div>\n\t\t<\/div>\n\t\t\t\t<div class=\"elementor-column elementor-col-33 elementor-top-column elementor-element elementor-element-aab2141\" data-id=\"aab2141\" data-element_type=\"column\">\n\t\t\t<div class=\"elementor-widget-wrap\">\n\t\t\t\t\t\t\t<\/div>\n\t\t<\/div>\n\t\t\t\t\t<\/div>\n\t\t<\/section>\n\t\t\t\t<section class=\"elementor-section elementor-top-section elementor-element elementor-element-091ff37 elementor-section-boxed elementor-section-height-default elementor-section-height-default\" data-id=\"091ff37\" data-element_type=\"section\">\n\t\t\t\t\t\t<div class=\"elementor-container elementor-column-gap-default\">\n\t\t\t\t\t<div class=\"elementor-column elementor-col-50 elementor-top-column elementor-element elementor-element-41e47d4\" data-id=\"41e47d4\" data-element_type=\"column\">\n\t\t\t<div class=\"elementor-widget-wrap elementor-element-populated\">\n\t\t\t\t\t\t<div class=\"elementor-element elementor-element-d48bde8 elementor-widget elementor-widget-text-editor\" data-id=\"d48bde8\" data-element_type=\"widget\" data-widget_type=\"text-editor.default\">\n\t\t\t\t<div class=\"elementor-widget-container\">\n\t\t\t\t\t\t\t\t\t<h4 style=\"text-align: center;\"><strong><span style=\"color: #000000;\">Se voc\u00ea \u00e9 ex-aluno do Dr. Igor Capelatto de outro curso ou Masterclass pela Casa da Cr\u00edtica, tens pre\u00e7o promocional de R$ 50,00 para esta MC.<\/span><\/strong><\/h4>\t\t\t\t\t\t\t\t<\/div>\n\t\t\t\t<\/div>\n\t\t\t\t\t<\/div>\n\t\t<\/div>\n\t\t\t\t<div class=\"elementor-column elementor-col-50 elementor-top-column elementor-element elementor-element-d77872f\" data-id=\"d77872f\" data-element_type=\"column\">\n\t\t\t<div class=\"elementor-widget-wrap elementor-element-populated\">\n\t\t\t\t\t\t<div class=\"elementor-element elementor-element-0c86ef3 elementor-widget elementor-widget-text-editor\" data-id=\"0c86ef3\" data-element_type=\"widget\" data-widget_type=\"text-editor.default\">\n\t\t\t\t<div class=\"elementor-widget-container\">\n\t\t\t\t\t\t\t\t\t<p><a href=\"https:\/\/pag.ae\/7VUb_t-2K\" target=\"_blank\" rel=\"noopener\"><img loading=\"lazy\" decoding=\"async\" class=\"aligncenter wp-image-10755\" src=\"https:\/\/casadacritica.com.br\/site\/wp-content\/uploads\/2020\/03\/C\u00f3pia-de-C\u00f3pia-de-Sem-nome-7-300x80.png\" alt=\"\" width=\"380\" height=\"101\" srcset=\"https:\/\/casadacritica.com.br\/site\/wp-content\/uploads\/2020\/03\/C\u00f3pia-de-C\u00f3pia-de-Sem-nome-7-300x80.png 300w, https:\/\/casadacritica.com.br\/site\/wp-content\/uploads\/2020\/03\/C\u00f3pia-de-C\u00f3pia-de-Sem-nome-7-1024x273.png 1024w, https:\/\/casadacritica.com.br\/site\/wp-content\/uploads\/2020\/03\/C\u00f3pia-de-C\u00f3pia-de-Sem-nome-7-768x205.png 768w, https:\/\/casadacritica.com.br\/site\/wp-content\/uploads\/2020\/03\/C\u00f3pia-de-C\u00f3pia-de-Sem-nome-7.png 1500w\" sizes=\"(max-width: 380px) 100vw, 380px\" \/><\/a><\/p><h4 style=\"text-align: center;\"><strong><span style=\"color: #000000;\">R$ 50,00 parcel\u00e1veis em at\u00e9 12X pelo PAGSEGURO<\/span><\/strong><\/h4>\t\t\t\t\t\t\t\t<\/div>\n\t\t\t\t<\/div>\n\t\t\t\t\t<\/div>\n\t\t<\/div>\n\t\t\t\t\t<\/div>\n\t\t<\/section>\n\t\t\t\t<section class=\"elementor-section elementor-top-section elementor-element elementor-element-cc2e9ca elementor-section-boxed elementor-section-height-default elementor-section-height-default\" data-id=\"cc2e9ca\" data-element_type=\"section\">\n\t\t\t\t\t\t<div class=\"elementor-container elementor-column-gap-default\">\n\t\t\t\t\t<div class=\"elementor-column elementor-col-50 elementor-top-column elementor-element elementor-element-10c6179\" data-id=\"10c6179\" data-element_type=\"column\">\n\t\t\t<div class=\"elementor-widget-wrap elementor-element-populated\">\n\t\t\t\t\t\t<div class=\"elementor-element elementor-element-3837673 elementor-widget elementor-widget-text-editor\" data-id=\"3837673\" data-element_type=\"widget\" data-widget_type=\"text-editor.default\">\n\t\t\t\t<div class=\"elementor-widget-container\">\n\t\t\t\t\t\t\t\t\t<p style=\"text-align: center;\"><span style=\"color: #000000;\"><strong>NOS CHAME PELO WHATSAPP EM CASO DE QUAISQUER D\u00daVIDAS<\/strong><\/span><\/p>\t\t\t\t\t\t\t\t<\/div>\n\t\t\t\t<\/div>\n\t\t\t\t\t<\/div>\n\t\t<\/div>\n\t\t\t\t<div class=\"elementor-column elementor-col-50 elementor-top-column elementor-element elementor-element-f1b2bea\" data-id=\"f1b2bea\" data-element_type=\"column\">\n\t\t\t<div class=\"elementor-widget-wrap elementor-element-populated\">\n\t\t\t\t\t\t<div class=\"elementor-element elementor-element-38dd670 elementor-widget elementor-widget-text-editor\" data-id=\"38dd670\" data-element_type=\"widget\" data-widget_type=\"text-editor.default\">\n\t\t\t\t<div class=\"elementor-widget-container\">\n\t\t\t\t\t\t\t\t\t<p style=\"text-align: center;\"><a href=\"https:\/\/casadacritica.com.br\/site\/cursos-2\/\" target=\"_blank\" rel=\"noopener\"><strong><span style=\"color: #ff0000;\">CLIQUE AQUI PARA CONHECER TODOS OS CURSOS E MASTERCLASSES DA CASA DA CR\u00cdTICA<\/span><\/strong><\/a><\/p>\t\t\t\t\t\t\t\t<\/div>\n\t\t\t\t<\/div>\n\t\t\t\t\t<\/div>\n\t\t<\/div>\n\t\t\t\t\t<\/div>\n\t\t<\/section>\n\t\t\t\t<\/div>\n\t\t","protected":false},"excerpt":{"rendered":"<p>Conte\u00fado Imediato mais Evento ONLINE e Participativo pelo Dr. Igor Capelatto Temas abordados no evento: &#8211;&nbsp; &#8211; Por qu\u00ea a quarentena causa depress\u00e3o e ang\u00fastia? &#8211; Como a sublima\u00e7\u00e3o confronta os sintomas ps\u00edquicos &#8211; como a arte nos ensina a lidar com situa\u00e7\u00f5es que nos colocam em confinamento, que nos causam medo, ang\u00fastia, depress\u00e3o e [&hellip;]<\/p>\n","protected":false},"author":4,"featured_media":10758,"parent":0,"menu_order":0,"comment_status":"closed","ping_status":"closed","template":"","meta":{"footnotes":""},"class_list":["post-10312","page","type-page","status-publish","has-post-thumbnail","hentry"],"_links":{"self":[{"href":"https:\/\/casadacritica.com.br\/site\/wp-json\/wp\/v2\/pages\/10312","targetHints":{"allow":["GET"]}}],"collection":[{"href":"https:\/\/casadacritica.com.br\/site\/wp-json\/wp\/v2\/pages"}],"about":[{"href":"https:\/\/casadacritica.com.br\/site\/wp-json\/wp\/v2\/types\/page"}],"author":[{"embeddable":true,"href":"https:\/\/casadacritica.com.br\/site\/wp-json\/wp\/v2\/users\/4"}],"replies":[{"embeddable":true,"href":"https:\/\/casadacritica.com.br\/site\/wp-json\/wp\/v2\/comments?post=10312"}],"version-history":[{"count":42,"href":"https:\/\/casadacritica.com.br\/site\/wp-json\/wp\/v2\/pages\/10312\/revisions"}],"predecessor-version":[{"id":10772,"href":"https:\/\/casadacritica.com.br\/site\/wp-json\/wp\/v2\/pages\/10312\/revisions\/10772"}],"wp:featuredmedia":[{"embeddable":true,"href":"https:\/\/casadacritica.com.br\/site\/wp-json\/wp\/v2\/media\/10758"}],"wp:attachment":[{"href":"https:\/\/casadacritica.com.br\/site\/wp-json\/wp\/v2\/media?parent=10312"}],"curies":[{"name":"wp","href":"https:\/\/api.w.org\/{rel}","templated":true}]}}